{"id":539,"date":"2021-07-26T12:45:01","date_gmt":"2021-07-26T12:45:01","guid":{"rendered":"https:\/\/hotel-avanti.ms.decms.eu\/?page_id=539"},"modified":"2021-10-18T12:12:49","modified_gmt":"2021-10-18T12:12:49","slug":"grosser-saal","status":"publish","type":"page","link":"https:\/\/www.hotelavanti.cz\/de\/konferenz\/grosser-saal\/","title":{"rendered":"Gro\u00dfer Saal"},"content":{"rendered":"<p><strong>Max. 80 Personen<\/strong><\/p>\n<ul>\n<li>gro\u00dfer, voll klimatisierter Raum mit Tageslicht und hervorragender Akustik<\/li>\n<li>Kapazit\u00e4t bis zu 250 Personen<\/li>\n<li>der Raum wird der Personenzahl angepasst und die Bestuhlung ist individuell gestaltbar<\/li>\n<li>auf Wunsch sind ein Rednerpult und Pr\u00e4sentationstechnik m\u00f6glich<\/li>\n<li>Dolmetscher-Kabine<\/li>\n<li>Zutritt aus dem ger\u00e4umigen Vorsaal mit Caf\u00e9 Bar<\/li>\n<li>Auf Wunsch Verbindung mit dem Salon m\u00f6glich, um das perfekte Umfeld f\u00fcr das Event zu gew\u00e4hrleisten<\/li>\n<\/ul>\n","protected":false},"excerpt":{"rendered":"<p>Max. 80 Personen gro\u00dfer, voll klimatisierter Raum mit Tageslicht und hervorragender Akustik Kapazit\u00e4t bis zu 250 Personen der Raum wird der Personenzahl angepasst und die Bestuhlung ist individuell gestaltbar auf Wunsch sind ein Rednerpult und Pr\u00e4sentationstechnik m\u00f6glich Dolmetscher-Kabine Zutritt aus dem ger\u00e4umigen Vorsaal mit Caf\u00e9 Bar Auf Wunsch Verbindung mit dem Salon m\u00f6glich, um das [&hellip;]<\/p>\n","protected":false},"author":36,"featured_media":0,"parent":491,"menu_order":15,"comment_status":"closed","ping_status":"closed","template":"template-meeting.php","meta":{"footnotes":""},"class_list":["post-539","page","type-page","status-publish","hentry"],"yoast_head":"<!-- This site is optimized with the Yoast SEO plugin v26.9 - https:\/\/yoast.com\/product\/yoast-seo-wordpress\/ -->\n<title>Gro\u00dfer Saal - Hotel Avanti Brno -<\/title>\n<meta name=\"description\" content=\"Max. 80 Personen   gro\u00dfer, voll klimatisierter Raum mit Tageslicht und hervorragender Akustik  Kapazit\u00e4t bis zu 250 Personen  der Raum wird der Personenzahl angepasst und die Bestuhlung ist individuell gestaltbar  auf Wunsch sind ein Rednerpult und Pr\u00e4sentationstechnik m\u00f6glich  Dolmetscher-Kabine  Zutritt aus dem ger\u00e4umigen Vorsaal mit Caf\u00e9 Bar  Auf Wunsch Verbindung mit dem Salon m\u00f6glich, um das perfekte Umfeld f\u00fcr das Event zu gew\u00e4hrleisten\" \/>\n<meta name=\"robots\" content=\"index, follow, max-snippet:-1, max-image-preview:large, max-video-preview:-1\" \/>\n<link rel=\"canonical\" href=\"https:\/\/www.hotelavanti.cz\/de\/konferenz\/grosser-saal\/\" \/>\n<meta property=\"og:locale\" content=\"de_DE\" \/>\n<meta property=\"og:type\" content=\"article\" \/>\n<meta property=\"og:title\" content=\"Gro\u00dfer Saal - Hotel Avanti Brno -\" \/>\n<meta property=\"og:description\" content=\"Max. 80 Personen   gro\u00dfer, voll klimatisierter Raum mit Tageslicht und hervorragender Akustik  Kapazit\u00e4t bis zu 250 Personen  der Raum wird der Personenzahl angepasst und die Bestuhlung ist individuell gestaltbar  auf Wunsch sind ein Rednerpult und Pr\u00e4sentationstechnik m\u00f6glich  Dolmetscher-Kabine  Zutritt aus dem ger\u00e4umigen Vorsaal mit Caf\u00e9 Bar  Auf Wunsch Verbindung mit dem Salon m\u00f6glich, um das perfekte Umfeld f\u00fcr das Event zu gew\u00e4hrleisten\" \/>\n<meta property=\"og:url\" content=\"https:\/\/www.hotelavanti.cz\/de\/konferenz\/grosser-saal\/\" \/>\n<meta property=\"og:site_name\" content=\"Hotel Avanti Brno\" \/>\n<meta property=\"article:modified_time\" content=\"2021-10-18T12:12:49+00:00\" \/>\n<meta property=\"og:image\" content=\"https:\/\/www.hotelavanti.cz\/wp-content\/uploads\/sites\/329\/2021\/07\/Hotel_avanti_president_apartment_gallery01-1.jpg\" \/>\n\t<meta property=\"og:image:width\" content=\"1200\" \/>\n\t<meta property=\"og:image:height\" content=\"800\" \/>\n\t<meta property=\"og:image:type\" content=\"image\/jpeg\" \/>\n<meta name=\"twitter:card\" content=\"summary_large_image\" \/>\n<meta name=\"twitter:label1\" content=\"Gesch\u00e4tzte Lesezeit\" \/>\n\t<meta name=\"twitter:data1\" content=\"1 Minute\" \/>\n<script type=\"application\/ld+json\" class=\"yoast-schema-graph\">{\"@context\":\"https:\/\/schema.org\",\"@graph\":[{\"@type\":\"WebPage\",\"@id\":\"https:\/\/www.hotelavanti.cz\/de\/konferenz\/grosser-saal\/\",\"url\":\"https:\/\/www.hotelavanti.cz\/de\/konferenz\/grosser-saal\/\",\"name\":\"Gro\u00dfer Saal - Hotel Avanti Brno -\",\"isPartOf\":{\"@id\":\"https:\/\/www.hotelavanti.cz\/de\/#website\"},\"datePublished\":\"2021-07-26T12:45:01+00:00\",\"dateModified\":\"2021-10-18T12:12:49+00:00\",\"description\":\"Max. 80 Personen \u2022 gro\u00dfer, voll klimatisierter Raum mit Tageslicht und hervorragender Akustik \u2022 Kapazit\u00e4t bis zu 250 Personen \u2022 der Raum wird der Personenzahl angepasst und die Bestuhlung ist individuell gestaltbar \u2022 auf Wunsch sind ein Rednerpult und Pr\u00e4sentationstechnik m\u00f6glich \u2022 Dolmetscher-Kabine \u2022 Zutritt aus dem ger\u00e4umigen Vorsaal mit Caf\u00e9 Bar \u2022 Auf Wunsch Verbindung mit dem Salon m\u00f6glich, um das perfekte Umfeld f\u00fcr das Event zu gew\u00e4hrleisten\",\"breadcrumb\":{\"@id\":\"https:\/\/www.hotelavanti.cz\/de\/konferenz\/grosser-saal\/#breadcrumb\"},\"inLanguage\":\"de-DE\",\"potentialAction\":[{\"@type\":\"ReadAction\",\"target\":[\"https:\/\/www.hotelavanti.cz\/de\/konferenz\/grosser-saal\/\"]}]},{\"@type\":\"BreadcrumbList\",\"@id\":\"https:\/\/www.hotelavanti.cz\/de\/konferenz\/grosser-saal\/#breadcrumb\",\"itemListElement\":[{\"@type\":\"ListItem\",\"position\":1,\"name\":\"Home\",\"item\":\"https:\/\/www.hotelavanti.cz\/de\/\"},{\"@type\":\"ListItem\",\"position\":2,\"name\":\"Konferenz\",\"item\":\"https:\/\/www.hotelavanti.cz\/de\/konferenz\/\"},{\"@type\":\"ListItem\",\"position\":3,\"name\":\"Gro\u00dfer Saal\"}]},{\"@type\":\"WebSite\",\"@id\":\"https:\/\/www.hotelavanti.cz\/de\/#website\",\"url\":\"https:\/\/www.hotelavanti.cz\/de\/\",\"name\":\"Hotel Avanti Brno\",\"description\":\"Just another ms.decms.eu site\",\"potentialAction\":[{\"@type\":\"SearchAction\",\"target\":{\"@type\":\"EntryPoint\",\"urlTemplate\":\"https:\/\/www.hotelavanti.cz\/de\/?s={search_term_string}\"},\"query-input\":{\"@type\":\"PropertyValueSpecification\",\"valueRequired\":true,\"valueName\":\"search_term_string\"}}],\"inLanguage\":\"de-DE\"}]}<\/script>\n<!-- \/ Yoast SEO plugin. -->","yoast_head_json":{"title":"Gro\u00dfer Saal - Hotel Avanti Brno -","description":"Max. 80 Personen   gro\u00dfer, voll klimatisierter Raum mit Tageslicht und hervorragender Akustik  Kapazit\u00e4t bis zu 250 Personen  der Raum wird der Personenzahl angepasst und die Bestuhlung ist individuell gestaltbar  auf Wunsch sind ein Rednerpult und Pr\u00e4sentationstechnik m\u00f6glich  Dolmetscher-Kabine  Zutritt aus dem ger\u00e4umigen Vorsaal mit Caf\u00e9 Bar  Auf Wunsch Verbindung mit dem Salon m\u00f6glich, um das perfekte Umfeld f\u00fcr das Event zu gew\u00e4hrleisten","robots":{"index":"index","follow":"follow","max-snippet":"max-snippet:-1","max-image-preview":"max-image-preview:large","max-video-preview":"max-video-preview:-1"},"canonical":"https:\/\/www.hotelavanti.cz\/de\/konferenz\/grosser-saal\/","og_locale":"de_DE","og_type":"article","og_title":"Gro\u00dfer Saal - Hotel Avanti Brno -","og_description":"Max. 80 Personen   gro\u00dfer, voll klimatisierter Raum mit Tageslicht und hervorragender Akustik  Kapazit\u00e4t bis zu 250 Personen  der Raum wird der Personenzahl angepasst und die Bestuhlung ist individuell gestaltbar  auf Wunsch sind ein Rednerpult und Pr\u00e4sentationstechnik m\u00f6glich  Dolmetscher-Kabine  Zutritt aus dem ger\u00e4umigen Vorsaal mit Caf\u00e9 Bar  Auf Wunsch Verbindung mit dem Salon m\u00f6glich, um das perfekte Umfeld f\u00fcr das Event zu gew\u00e4hrleisten","og_url":"https:\/\/www.hotelavanti.cz\/de\/konferenz\/grosser-saal\/","og_site_name":"Hotel Avanti Brno","article_modified_time":"2021-10-18T12:12:49+00:00","og_image":[{"width":1200,"height":800,"url":"https:\/\/www.hotelavanti.cz\/wp-content\/uploads\/sites\/329\/2021\/07\/Hotel_avanti_president_apartment_gallery01-1.jpg","type":"image\/jpeg"}],"twitter_card":"summary_large_image","twitter_misc":{"Gesch\u00e4tzte Lesezeit":"1 Minute"},"schema":{"@context":"https:\/\/schema.org","@graph":[{"@type":"WebPage","@id":"https:\/\/www.hotelavanti.cz\/de\/konferenz\/grosser-saal\/","url":"https:\/\/www.hotelavanti.cz\/de\/konferenz\/grosser-saal\/","name":"Gro\u00dfer Saal - Hotel Avanti Brno -","isPartOf":{"@id":"https:\/\/www.hotelavanti.cz\/de\/#website"},"datePublished":"2021-07-26T12:45:01+00:00","dateModified":"2021-10-18T12:12:49+00:00","description":"Max. 80 Personen \u2022 gro\u00dfer, voll klimatisierter Raum mit Tageslicht und hervorragender Akustik \u2022 Kapazit\u00e4t bis zu 250 Personen \u2022 der Raum wird der Personenzahl angepasst und die Bestuhlung ist individuell gestaltbar \u2022 auf Wunsch sind ein Rednerpult und Pr\u00e4sentationstechnik m\u00f6glich \u2022 Dolmetscher-Kabine \u2022 Zutritt aus dem ger\u00e4umigen Vorsaal mit Caf\u00e9 Bar \u2022 Auf Wunsch Verbindung mit dem Salon m\u00f6glich, um das perfekte Umfeld f\u00fcr das Event zu gew\u00e4hrleisten","breadcrumb":{"@id":"https:\/\/www.hotelavanti.cz\/de\/konferenz\/grosser-saal\/#breadcrumb"},"inLanguage":"de-DE","potentialAction":[{"@type":"ReadAction","target":["https:\/\/www.hotelavanti.cz\/de\/konferenz\/grosser-saal\/"]}]},{"@type":"BreadcrumbList","@id":"https:\/\/www.hotelavanti.cz\/de\/konferenz\/grosser-saal\/#breadcrumb","itemListElement":[{"@type":"ListItem","position":1,"name":"Home","item":"https:\/\/www.hotelavanti.cz\/de\/"},{"@type":"ListItem","position":2,"name":"Konferenz","item":"https:\/\/www.hotelavanti.cz\/de\/konferenz\/"},{"@type":"ListItem","position":3,"name":"Gro\u00dfer Saal"}]},{"@type":"WebSite","@id":"https:\/\/www.hotelavanti.cz\/de\/#website","url":"https:\/\/www.hotelavanti.cz\/de\/","name":"Hotel Avanti Brno","description":"Just another ms.decms.eu site","potentialAction":[{"@type":"SearchAction","target":{"@type":"EntryPoint","urlTemplate":"https:\/\/www.hotelavanti.cz\/de\/?s={search_term_string}"},"query-input":{"@type":"PropertyValueSpecification","valueRequired":true,"valueName":"search_term_string"}}],"inLanguage":"de-DE"}]}},"acf":[],"_links":{"self":[{"href":"https:\/\/www.hotelavanti.cz\/de\/wp-json\/wp\/v2\/pages\/539","targetHints":{"allow":["GET"]}}],"collection":[{"href":"https:\/\/www.hotelavanti.cz\/de\/wp-json\/wp\/v2\/pages"}],"about":[{"href":"https:\/\/www.hotelavanti.cz\/de\/wp-json\/wp\/v2\/types\/page"}],"author":[{"embeddable":true,"href":"https:\/\/www.hotelavanti.cz\/de\/wp-json\/wp\/v2\/users\/36"}],"replies":[{"embeddable":true,"href":"https:\/\/www.hotelavanti.cz\/de\/wp-json\/wp\/v2\/comments?post=539"}],"version-history":[{"count":0,"href":"https:\/\/www.hotelavanti.cz\/de\/wp-json\/wp\/v2\/pages\/539\/revisions"}],"up":[{"embeddable":true,"href":"https:\/\/www.hotelavanti.cz\/de\/wp-json\/wp\/v2\/pages\/491"}],"wp:attachment":[{"href":"https:\/\/www.hotelavanti.cz\/de\/wp-json\/wp\/v2\/media?parent=539"}],"curies":[{"name":"wp","href":"https:\/\/api.w.org\/{rel}","templated":true}]}}

Großer Saal

<p><strong>Max. 80 Personen</strong></p>
<ul>
<li>großer, voll klimatisierter Raum mit Tageslicht und hervorragender Akustik</li>
<li>Kapazität bis zu 250 Personen</li>
<li>der Raum wird der Personenzahl angepasst und die Bestuhlung ist individuell gestaltbar</li>
<li>auf Wunsch sind ein Rednerpult und Präsentationstechnik möglich</li>
<li>Dolmetscher-Kabine</li>
<li>Zutritt aus dem geräumigen Vorsaal mit Café Bar</li>
<li>Auf Wunsch Verbindung mit dem Salon möglich, um das perfekte Umfeld für das Event zu gewährleisten</li>
</ul>

<p>Max. 80 Personen großer, voll klimatisierter Raum mit Tageslicht und hervorragender Akustik Kapazität bis zu 250 Personen der Raum wird der Personenzahl angepasst und die Bestuhlung ist individuell gestaltbar auf Wunsch sind ein Rednerpult und Präsentationstechnik möglich Dolmetscher-Kabine Zutritt aus dem geräumigen Vorsaal mit Café Bar Auf Wunsch Verbindung mit dem Salon möglich, um das [&hellip;]</p>

<!-- This site is optimized with the Yoast SEO plugin v26.9 - https://yoast.com/product/yoast-seo-wordpress/ -->
<title>Großer Saal - Hotel Avanti Brno -</title>
<meta name="description" content="Max. 80 Personen   großer, voll klimatisierter Raum mit Tageslicht und hervorragender Akustik  Kapazität bis zu 250 Personen  der Raum wird der Personenzahl angepasst und die Bestuhlung ist individuell gestaltbar  auf Wunsch sind ein Rednerpult und Präsentationstechnik möglich  Dolmetscher-Kabine  Zutritt aus dem geräumigen Vorsaal mit Café Bar  Auf Wunsch Verbindung mit dem Salon möglich, um das perfekte Umfeld für das Event zu gewährleisten" />
<meta name="robots" content="index, follow, max-snippet:-1, max-image-preview:large, max-video-preview:-1" />
<link rel="canonical" href="https://www.hotelavanti.cz/de/konferenz/grosser-saal/" />
<meta property="og:locale" content="de_DE" />
<meta property="og:type" content="article" />
<meta property="og:title" content="Großer Saal - Hotel Avanti Brno -" />
<meta property="og:description" content="Max. 80 Personen   großer, voll klimatisierter Raum mit Tageslicht und hervorragender Akustik  Kapazität bis zu 250 Personen  der Raum wird der Personenzahl angepasst und die Bestuhlung ist individuell gestaltbar  auf Wunsch sind ein Rednerpult und Präsentationstechnik möglich  Dolmetscher-Kabine  Zutritt aus dem geräumigen Vorsaal mit Café Bar  Auf Wunsch Verbindung mit dem Salon möglich, um das perfekte Umfeld für das Event zu gewährleisten" />
<meta property="og:url" content="https://www.hotelavanti.cz/de/konferenz/grosser-saal/" />
<meta property="og:site_name" content="Hotel Avanti Brno" />
<meta property="article:modified_time" content="2021-10-18T12:12:49+00:00" />
<meta property="og:image" content="https://www.hotelavanti.cz/wp-content/uploads/sites/329/2021/07/Hotel_avanti_president_apartment_gallery01-1.jpg" />
	<meta property="og:image:width" content="1200" />
	<meta property="og:image:height" content="800" />
	<meta property="og:image:type" content="image/jpeg" />
<meta name="twitter:card" content="summary_large_image" />
<meta name="twitter:label1" content="Geschätzte Lesezeit" />
	<meta name="twitter:data1" content="1 Minute" />
<script type="application/ld+json" class="yoast-schema-graph">{"@context":"https://schema.org","@graph":[{"@type":"WebPage","@id":"https://www.hotelavanti.cz/de/konferenz/grosser-saal/","url":"https://www.hotelavanti.cz/de/konferenz/grosser-saal/","name":"Großer Saal - Hotel Avanti Brno -","isPartOf":{"@id":"https://www.hotelavanti.cz/de/#website"},"datePublished":"2021-07-26T12:45:01+00:00","dateModified":"2021-10-18T12:12:49+00:00","description":"Max. 80 Personen • großer, voll klimatisierter Raum mit Tageslicht und hervorragender Akustik • Kapazität bis zu 250 Personen • der Raum wird der Personenzahl angepasst und die Bestuhlung ist individuell gestaltbar • auf Wunsch sind ein Rednerpult und Präsentationstechnik möglich • Dolmetscher-Kabine • Zutritt aus dem geräumigen Vorsaal mit Café Bar • Auf Wunsch Verbindung mit dem Salon möglich, um das perfekte Umfeld für das Event zu gewährleisten","breadcrumb":{"@id":"https://www.hotelavanti.cz/de/konferenz/grosser-saal/#breadcrumb"},"inLanguage":"de-DE","potentialAction":[{"@type":"ReadAction","target":["https://www.hotelavanti.cz/de/konferenz/grosser-saal/"]}]},{"@type":"BreadcrumbList","@id":"https://www.hotelavanti.cz/de/konferenz/grosser-saal/#breadcrumb","itemListElement":[{"@type":"ListItem","position":1,"name":"Home","item":"https://www.hotelavanti.cz/de/"},{"@type":"ListItem","position":2,"name":"Konferenz","item":"https://www.hotelavanti.cz/de/konferenz/"},{"@type":"ListItem","position":3,"name":"Großer Saal"}]},{"@type":"WebSite","@id":"https://www.hotelavanti.cz/de/#website","url":"https://www.hotelavanti.cz/de/","name":"Hotel Avanti Brno","description":"Just another ms.decms.eu site","potentialAction":[{"@type":"SearchAction","target":{"@type":"EntryPoint","urlTemplate":"https://www.hotelavanti.cz/de/?s={search_term_string}"},"query-input":{"@type":"PropertyValueSpecification","valueRequired":true,"valueName":"search_term_string"}}],"inLanguage":"de-DE"}]}</script>
<!-- / Yoast SEO plugin. -->

Großer Saal - Hotel Avanti Brno -

Max. 80 Personen   großer, voll klimatisierter Raum mit Tageslicht und hervorragender Akustik  Kapazität bis zu 250 Personen  der Raum wird der Personenzahl angepasst und die Bestuhlung ist individuell gestaltbar  auf Wunsch sind ein Rednerpult und Präsentationstechnik möglich  Dolmetscher-Kabine  Zutritt aus dem geräumigen Vorsaal mit Café Bar  Auf Wunsch Verbindung mit dem Salon möglich, um das perfekte Umfeld für das Event zu gewährleisten

Max. 80 Personen • großer, voll klimatisierter Raum mit Tageslicht und hervorragender Akustik • Kapazität bis zu 250 Personen • der Raum wird der Personenzahl angepasst und die Bestuhlung ist individuell gestaltbar • auf Wunsch sind ein Rednerpult und Präsentationstechnik möglich • Dolmetscher-Kabine • Zutritt aus dem geräumigen Vorsaal mit Café Bar • Auf Wunsch Verbindung mit dem Salon möglich, um das perfekte Umfeld für das Event zu gewährleisten
